{"id":894,"date":"2023-06-19T13:29:55","date_gmt":"2023-06-19T16:29:55","guid":{"rendered":"https:\/\/www.santanapg.com.br\/site\/?page_id=894"},"modified":"2023-09-25T22:26:52","modified_gmt":"2023-09-26T01:26:52","slug":"filosofia","status":"publish","type":"page","link":"https:\/\/www.santanapg.com.br\/site\/filosofia\/","title":{"rendered":"Filosofia"},"content":{"rendered":"\t\t<div data-elementor-type=\"wp-page\" data-elementor-id=\"894\" class=\"elementor elementor-894\" data-elementor-post-type=\"page\">\n\t\t\t\t<div class=\"elementor-element elementor-element-af4a42d e-flex e-con-boxed e-con e-parent\" data-id=\"af4a42d\" data-element_type=\"container\" data-settings=\"{&quot;background_background&quot;:&quot;classic&quot;}\">\n\t\t\t\t\t<div class=\"e-con-inner\">\n\t\t\t\t<div class=\"elementor-element elementor-element-42cb7ae elementor-widget elementor-widget-heading\" data-id=\"42cb7ae\" data-element_type=\"widget\" data-widget_type=\"heading.default\">\n\t\t\t\t<div class=\"elementor-widget-container\">\n\t\t\t\t\t<h1 class=\"elementor-heading-title elementor-size-default\">Filosofia<\/h1>\t\t\t\t<\/div>\n\t\t\t\t<\/div>\n\t\t\t\t\t<\/div>\n\t\t\t\t<\/div>\n\t\t<div class=\"elementor-element elementor-element-36502fd e-flex e-con-boxed e-con e-parent\" data-id=\"36502fd\" data-element_type=\"container\">\n\t\t\t\t\t<div class=\"e-con-inner\">\n\t\t\t\t<div class=\"elementor-element elementor-element-162d7b8 elementor-widget elementor-widget-spacer\" data-id=\"162d7b8\" data-element_type=\"widget\" data-widget_type=\"spacer.default\">\n\t\t\t\t<div class=\"elementor-widget-container\">\n\t\t\t\t\t\t\t<div class=\"elementor-spacer\">\n\t\t\t<div class=\"elementor-spacer-inner\"><\/div>\n\t\t<\/div>\n\t\t\t\t\t\t<\/div>\n\t\t\t\t<\/div>\n\t\t\t\t<div class=\"elementor-element elementor-element-823e24d elementor-widget__width-initial elementor-widget elementor-widget-heading\" data-id=\"823e24d\" data-element_type=\"widget\" data-widget_type=\"heading.default\">\n\t\t\t\t<div class=\"elementor-widget-container\">\n\t\t\t\t\t<h2 class=\"elementor-heading-title elementor-size-small\">O Col\u00e9gio Sant'Ana, fiel ao carisma mission\u00e1rio, legado do fundador Santo Arnaldo Janssen e das cofundadoras bem-aventuradas Madre Maria Helena e Madre Josefa, exerce sua miss\u00e3o educativa atrav\u00e9s de uma vis\u00e3o crist\u00e3, enfatizando a educa\u00e7\u00e3o norteada pelos valores evang\u00e9licos da verdade, da partilha, da solidariedade, do respeito \u00e0 vida propiciando aos membros da comunidade acad\u00eamica condi\u00e7\u00f5es do exerc\u00edcio do ser, do saber, do fazer, do viver, do conviver num di\u00e1logo cr\u00edtico e criativo com mundo embasado numa pedagogia din\u00e2mica, atualizada, personalizada, criativa, comunit\u00e1ria e participativa.<\/h2>\t\t\t\t<\/div>\n\t\t\t\t<\/div>\n\t\t\t\t\t<\/div>\n\t\t\t\t<\/div>\n\t\t<div class=\"elementor-element elementor-element-3724249 e-flex e-con-boxed e-con e-parent\" data-id=\"3724249\" data-element_type=\"container\" data-settings=\"{&quot;background_background&quot;:&quot;classic&quot;}\">\n\t\t\t\t\t<div class=\"e-con-inner\">\n\t\t<div class=\"elementor-element elementor-element-f57b53a e-con-full e-flex e-con e-parent\" data-id=\"f57b53a\" data-element_type=\"container\" data-settings=\"{&quot;background_background&quot;:&quot;classic&quot;}\">\n\t\t\t\t<div class=\"elementor-element elementor-element-b5df767 elementor-widget elementor-widget-image\" data-id=\"b5df767\" data-element_type=\"widget\" data-widget_type=\"image.default\">\n\t\t\t\t<div class=\"elementor-widget-container\">\n\t\t\t\t\t\t\t\t\t\t\t\t\t\t\t<img decoding=\"async\" src=\"https:\/\/www.santanapg.com.br\/site\/wp-content\/uploads\/elementor\/thumbs\/icon_missao-qcyexccgu6c800qet1o8outbefl3nuv35tasdf15y4.png\" title=\"icon_missao\" alt=\"icon_missao\" loading=\"lazy\" \/>\t\t\t\t\t\t\t\t\t\t\t\t\t\t\t<\/div>\n\t\t\t\t<\/div>\n\t\t\t\t<div class=\"elementor-element elementor-element-8dd1ad1 elementor-widget elementor-widget-heading\" data-id=\"8dd1ad1\" data-element_type=\"widget\" data-widget_type=\"heading.default\">\n\t\t\t\t<div class=\"elementor-widget-container\">\n\t\t\t\t\t<h2 class=\"elementor-heading-title elementor-size-default\">MISS\u00c3O<\/h2>\t\t\t\t<\/div>\n\t\t\t\t<\/div>\n\t\t\t\t<div class=\"elementor-element elementor-element-f1934a4 elementor-widget elementor-widget-text-editor\" data-id=\"f1934a4\" data-element_type=\"widget\" data-widget_type=\"text-editor.default\">\n\t\t\t\t<div class=\"elementor-widget-container\">\n\t\t\t\t\t\t\t\t\t<p style=\"text-align: center;\">Ser presen\u00e7a de Deus Uno e Trino, educando para a vida alicer\u00e7ada nos valores humanos e crist\u00e3os, contribuindo na forma\u00e7\u00e3o de pessoas conscientes, comprometidas com a a\u00e7\u00e3o mission\u00e1ria.<\/p>\t\t\t\t\t\t\t\t<\/div>\n\t\t\t\t<\/div>\n\t\t\t\t<\/div>\n\t\t<div class=\"elementor-element elementor-element-7fdb257 e-con-full e-flex e-con e-parent\" data-id=\"7fdb257\" data-element_type=\"container\" data-settings=\"{&quot;background_background&quot;:&quot;classic&quot;}\">\n\t\t\t\t<div class=\"elementor-element elementor-element-9cd78d2 elementor-widget elementor-widget-image\" data-id=\"9cd78d2\" data-element_type=\"widget\" data-widget_type=\"image.default\">\n\t\t\t\t<div class=\"elementor-widget-container\">\n\t\t\t\t\t\t\t\t\t\t\t\t\t\t\t<img decoding=\"async\" src=\"https:\/\/www.santanapg.com.br\/site\/wp-content\/uploads\/elementor\/thumbs\/icon_visao-qcyexbemncaxoerryj9m4d1ut1pqg5rctonaw52k4c.png\" title=\"icon_visao\" alt=\"icon_visao\" loading=\"lazy\" \/>\t\t\t\t\t\t\t\t\t\t\t\t\t\t\t<\/div>\n\t\t\t\t<\/div>\n\t\t\t\t<div class=\"elementor-element elementor-element-862eec6 elementor-widget elementor-widget-heading\" data-id=\"862eec6\" data-element_type=\"widget\" data-widget_type=\"heading.default\">\n\t\t\t\t<div class=\"elementor-widget-container\">\n\t\t\t\t\t<h2 class=\"elementor-heading-title elementor-size-default\">VIS\u00c3O<\/h2>\t\t\t\t<\/div>\n\t\t\t\t<\/div>\n\t\t\t\t<div class=\"elementor-element elementor-element-9d37792 elementor-widget elementor-widget-text-editor\" data-id=\"9d37792\" data-element_type=\"widget\" data-widget_type=\"text-editor.default\">\n\t\t\t\t<div class=\"elementor-widget-container\">\n\t\t\t\t\t\t\t\t\t<p style=\"text-align: center;\">Tornar- se centro de refer\u00eancia entre as institui\u00e7\u00f5es de ensino superior, com uma comunidade universit\u00e1ria qualificada e motivada, reconhecida na sociedade e almejada pelo seu diferencial na forma\u00e7\u00e3o de profissionais.<\/p>\t\t\t\t\t\t\t\t<\/div>\n\t\t\t\t<\/div>\n\t\t\t\t<\/div>\n\t\t<div class=\"elementor-element elementor-element-d87efca e-con-full e-flex e-con e-parent\" data-id=\"d87efca\" data-element_type=\"container\" data-settings=\"{&quot;background_background&quot;:&quot;classic&quot;}\">\n\t\t\t\t<div class=\"elementor-element elementor-element-bf04eb9 elementor-widget elementor-widget-image\" data-id=\"bf04eb9\" data-element_type=\"widget\" data-widget_type=\"image.default\">\n\t\t\t\t<div class=\"elementor-widget-container\">\n\t\t\t\t\t\t\t\t\t\t\t\t\t\t\t<img decoding=\"async\" src=\"https:\/\/www.santanapg.com.br\/site\/wp-content\/uploads\/elementor\/thumbs\/icon_valores-qcyexdab10dibmp1nk2v9ckrztggvjythxy9uozrrw.png\" title=\"icon_valores\" alt=\"icon_valores\" loading=\"lazy\" \/>\t\t\t\t\t\t\t\t\t\t\t\t\t\t\t<\/div>\n\t\t\t\t<\/div>\n\t\t\t\t<div class=\"elementor-element elementor-element-de042f3 elementor-widget elementor-widget-heading\" data-id=\"de042f3\" data-element_type=\"widget\" data-widget_type=\"heading.default\">\n\t\t\t\t<div class=\"elementor-widget-container\">\n\t\t\t\t\t<h2 class=\"elementor-heading-title elementor-size-default\">VALORES<\/h2>\t\t\t\t<\/div>\n\t\t\t\t<\/div>\n\t\t\t\t<div class=\"elementor-element elementor-element-8582325 elementor-widget elementor-widget-text-editor\" data-id=\"8582325\" data-element_type=\"widget\" data-widget_type=\"text-editor.default\">\n\t\t\t\t<div class=\"elementor-widget-container\">\n\t\t\t\t\t\t\t\t\t<ul><li><strong>Missionariedade<\/strong>: abertura para as realidades dentro e fora do pa\u00eds como testemunhas do amor de Deus.<\/li><li><strong>Criatividade<\/strong>: inovar, construir novos paradigmas e ampliar horizontes.<\/li><li><strong>Cidadania<\/strong>: para garantir a autonomia, como forma de express\u00e3o do seu pr\u00f3pio ser, respeitando as diversidades.<\/li><li><strong>Di\u00e1logo<\/strong>: desenvolver um posicionamento cr\u00edtico e participativo que responda \u00e0s necessidades atuais.<\/li><li><strong>Conhecimento<\/strong>: desenvolver habilidades e compet\u00eancias atrav\u00e9s de uma pr\u00e1xis interdisciplinar.<\/li><li><strong>\u00c9tica<\/strong>: construir, por meio do cultivo de princ\u00edpios, uma conduta integrada e participativa na busca da Verdade.<\/li><\/ul>\t\t\t\t\t\t\t\t<\/div>\n\t\t\t\t<\/div>\n\t\t\t\t<\/div>\n\t\t\t\t\t<\/div>\n\t\t\t\t<\/div>\n\t\t\t\t<\/div>\n\t\t","protected":false},"excerpt":{"rendered":"<p>Filosofia O Col\u00e9gio Sant&#8217;Ana, fiel ao carisma mission\u00e1rio, legado do fundador Santo Arnaldo Janssen e das cofundadoras bem-aventuradas Madre Maria Helena e Madre Josefa, exerce sua miss\u00e3o educativa atrav\u00e9s de uma vis\u00e3o crist\u00e3, enfatizando a educa\u00e7\u00e3o norteada pelos valores evang\u00e9licos da verdade, da partilha, da solidariedade, do respeito \u00e0 vida propiciando aos membros da comunidade [&hellip;]<\/p>\n","protected":false},"author":2,"featured_media":0,"parent":0,"menu_order":12,"comment_status":"closed","ping_status":"closed","template":"","meta":{"_eb_attr":"","footnotes":""},"class_list":["post-894","page","type-page","status-publish","hentry"],"_links":{"self":[{"href":"https:\/\/www.santanapg.com.br\/site\/wp-json\/wp\/v2\/pages\/894","targetHints":{"allow":["GET"]}}],"collection":[{"href":"https:\/\/www.santanapg.com.br\/site\/wp-json\/wp\/v2\/pages"}],"about":[{"href":"https:\/\/www.santanapg.com.br\/site\/wp-json\/wp\/v2\/types\/page"}],"author":[{"embeddable":true,"href":"https:\/\/www.santanapg.com.br\/site\/wp-json\/wp\/v2\/users\/2"}],"replies":[{"embeddable":true,"href":"https:\/\/www.santanapg.com.br\/site\/wp-json\/wp\/v2\/comments?post=894"}],"version-history":[{"count":116,"href":"https:\/\/www.santanapg.com.br\/site\/wp-json\/wp\/v2\/pages\/894\/revisions"}],"predecessor-version":[{"id":2829,"href":"https:\/\/www.santanapg.com.br\/site\/wp-json\/wp\/v2\/pages\/894\/revisions\/2829"}],"wp:attachment":[{"href":"https:\/\/www.santanapg.com.br\/site\/wp-json\/wp\/v2\/media?parent=894"}],"curies":[{"name":"wp","href":"https:\/\/api.w.org\/{rel}","templated":true}]}}